 51 and 6511?
17
Calculate the greatest common divisor of 2740 and 90.
10
What is the greatest common factor of 56715 and 1425?
285
What is the highest common factor of 2281 and 1?
1
What is the highest common factor of 8767752 and 56?
56
Calculate the greatest common divisor of 31933 and 176.
11
Calculate the highest common divisor of 185328 and 34992.
1296
What is the highest common divisor of 6596295 and 15?
15
Calculate the greatest common divisor of 2950 and 22730.
10
What is the greatest common factor of 790 and 246559?
79
What is the greatest common divisor of 52254 and 18?
18
What is the greatest common factor of 648276 and 2?
2
Calculate the highest common divisor of 440460 and 3420.
180
What is the greatest common factor of 6868 and 5656?
404
Calculate the highest common divisor of 8148 and 4130.
14
What is the highest common factor of 18488 and 488?
8
What is the greatest common divisor of 123 and 2452251?
123
Calculate the greatest common factor of 19 and 9802841.
19
Calculate the highest common factor of 105 and 280413.
21
What is the greatest common divisor of 1163809 and 3462?
577
Calculate the greatest common factor of 128385 and 180.
45
Calculate the highest common factor of 7184 and 1904.
16
What is the greatest common factor of 18 and 27588?
6
Calculate the greatest common factor of 1860 and 248.
124
What is the highest common divisor of 86762 and 284?
142
Calculate the highest common factor of 1914 and 7917.
87
What is the greatest common factor of 33 and 8657?
11
What is the greatest common factor of 131751 and 108?
9
What is the greatest common factor of 1092 and 1316?
28
What is the highest common factor of 7280 and 135226?
182
What is the highest common factor of 34881 and 63?
21
What is the greatest common divisor of 104340 and 420?
60
Calculate the greatest common factor of 6687 and 79501.
743
Calculate the greatest common factor of 35530 and 385.
55
Calculate the greatest common factor of 311573 and 173.
173
What is the highest common factor of 755 and 1284557?
151
What is the greatest common factor of 103073 and 59?
59
Calculate the greatest common factor of 1479 and 2397.
51
What is the greatest common divisor of 498633 and 213?
213
Calculate the greatest common divisor of 10640 and 945.
35
What is the highest common factor of 718965 and 8775?
585
What is the highest common divisor of 28608 and 1320?
24
What is the highest common factor of 278666 and 2?
2
What is the highest common factor of 1321317 and 95?
19
Calculate the highest common divisor of 3 and 49004.
1
Calculate the highest common divisor of 3297 and 8321.
157
Calculate the highest common divisor of 32 and 66604.
4
What is the highest common divisor of 13634 and 151979?
401
What is the highest common divisor of 1290 and 49110?
30
What is the greatest common factor of 61 and 88938?
61
Calculate the greatest common divisor of 2 and 2149.
1
Calculate the highest common factor of 2431 and 5291.
143
Calculate the greatest common divisor of 11049 and 435.
87
Calculate the greatest common factor of 45714 and 18.
6
Calculate the greatest common divisor of 126 and 174321.
63
What is the highest common divisor of 12127 and 6154?
181
What is the highest common factor of 108015 and 30?
15
Calculate the greatest common divisor of 867496 and 392.
392
What is the highest common factor of 342512 and 64?
16
What is the highest common factor of 2835 and 980?
35
What is the highest common divisor of 347956 and 119?
119
What is the highest common divisor of 250 and 43875?
125
Calculate the highest common factor of 149783 and 3232.
101
What is the greatest common factor of 237160 and 198?
22
What is the highest common divisor of 24 and 35922?
6
What is the highest common divisor of 8952 and 192?
24
Calculate the highest common divisor of 1666 and 24500.
98
What is the highest common factor of 1313251 and 8271?
919
Calculate the highest common divisor of 55578 and 1570.
314
Calculate the greatest common divisor of 16984 and 220.
44
What is the highest common factor of 3488 and 18?
2
Calculate the greatest common divisor of 259 and 132497.
37
Calculate the greatest common factor of 8 and 11576.
8
Calculate the highest common factor of 31932940 and 10.
10
Calculate the greatest common factor of 16238 and 115.
23
What is the highest common factor of 34230 and 54?
6
What is the highest common divisor of 67362 and 824?
206
Calculate the highest common divisor of 259 and 212639.
259
What is the highest common factor of 160 and 232?
8
What is the greatest common factor of 247 and 65474?
19
What is the greatest common factor of 4727 and 97817?
29
What is the highest common factor of 15168 and 105216?
192
What is the greatest common factor of 11060 and 230?
10
Calculate the greatest common factor of 3844646 and 116.
58
What is the highest common divisor of 201 and 20703?
201
What is the greatest common factor of 19724 and 32?
4
Calculate the greatest common factor of 11724 and 556.
4
What is the highest common divisor of 223 and 3334073?
223
Calculate the highest common factor of 1801 and 37.
1
Calculate the greatest common factor of 202140 and 540.
180
Calculate the highest common factor of 72344 and 36.
4
Calculate the highest common factor of 230 and 384790.
230
Calculate the greatest common factor of 16762 and 425.
17
What is the highest common factor of 390 and 9399?
39
Calculate the highest common factor of 2414 and 629.
17
What is the highest common factor of 1963 and 241751?
151
Calculate the highest common divisor of 167583 and 741.
39
What is the greatest common factor of 12 and 891564?
12
Calculate the highest common factor of 963547 and 3154.
1577
What is the greatest common factor of 113568 and 13?
13
Calculate the highest common factor of 13158 and 19584.
306
Calculate the highest common divisor of 1479 and 1653.
87
Calculate the greatest common factor of 12 and 30468.
12
Calculate the greatest common divisor of 99 and 458568.
99
Calculate the highest common divisor of 504504 and 2730.
546
What is the greatest common factor of 1993830 and 82?
82
Calculate the greatest common divisor of 177 and 30621.
177
Calculate the highest common divisor of 6510 and 1023.
93
What is the highest common divisor of 50434 and 1?
1
Calculate the highest common divisor of 178191 and 117.
117
Calculate the greatest common divisor of 4224 and 474688.
64
Calculate the greatest common factor of 156 and 16094.
26
What is the highest common factor of 83408 and 2158?
26
What is the highest common divisor of 2565 and 193590?
135
Calculate the highest common factor of 144 and 12213.
9
What is the highest common divisor of 213680 and 240?
80
What is the greatest common divisor of 268850 and 760?
190
What is the greatest common factor of 429867 and 203?
29
Calculate the highest common divisor of 2674 and 686.
14
Calculate the greatest common factor of 1704449 and 1.
1
What is the greatest common divisor of 17 and 197863?
17
What is the greatest common divisor of 13664 and 1215242?
854
Calculate the greatest common factor of 3773 and 6776.
77
What is the highest common divisor of 4330 and 170?
10
Calculate the highest common divisor of 72096 and 816.
48
What is the greatest common divisor of 12 and 968?
4
What is the highest common divisor of 32 and 589680?
16
Calculate the highest common factor of 118408 and 10469.
361
Calculate the greatest common factor of 30 and 103325.
5
What is the greatest common factor of 197265 and 15?
15
What is the greatest common divisor of 272 and 708968?
136
Calculate the greatest common factor of 14639 and 2.
1
What is the greatest common factor of 16549 and 2479?
67
Calculate the greatest common divisor of 3609325 and 590.
295
Calculate the highest common divisor of 47033 and 35.
7
What is the greatest common divisor of 487 and 5?
1
What is the highest common factor of 23841 and 405?
27
What is the highest common factor of 6480865 and 5275?
1055
Calculate the highest common factor of 4 and 17882.
2
What is the highest common divisor of 472 and 5?
1
What is the highest common factor of 138148 and 4?
4
What is the greatest common divisor of 198513 and 207?
207
What is the greatest common divisor of 1770 and 24249?
177
What is the highest common factor of 2 and 13112